h**4/24 - 5*h**3 + 34*h**2. Let z be c(-9). Suppose -z*i - 424 = -8*i. What is the tens digit of i?
1
Let p be (-4)/6 + ((-680)/6 - 5). Let w = -56 - p. Let b = w + -60. What is the units digit of b?
3
Suppose 0 = -6*s - 0*s + 996. Suppose r = 142 + s. Suppose -392 = -5*h + r. What is the hundreds digit of h?
1
Suppose 0 = -23*h + 26*h - 33. What is the units digit of (h + 0 + 2)/((-12)/(-420))?
5
Let n(u) = -2*u - 24. Suppose m + 13 = -6. Let h be n(m). Let j(v) = 9*v + 59. What is the units digit of j(h)?
5
Let y = -1288 + 1290. Let d = 1 + 2. Suppose d*k - 214 = y*p, -4*p = 4*k - 2*k - 164. What is the units digit of k?
4
Let i = -4581 - -9760. What is the thousands digit of i?
5
What is the units digit of ((-291733)/91)/((-14)/98)?
1
Suppose -10*q + 62 = 12. Suppose -2*t - q*y = -6*t + 4046, 0 = 3*t - 3*y - 3036. What is the tens digit of t?
1
Suppose 0 = l - 3*b - 1236, b - 721 - 5459 = -5*l. Suppose -10*s = -6*s - l. What is the units digit of s?
9
Suppose 0 = 6*u - 61882 - 8354. What is the hundreds digit of u?
7
Let c be 2/4*8 - 4. Suppose -2*n = -c*n + 16. What is the tens digit of (-541)/n + (-21)/(-56)?
6
Suppose 27*y + 9*y = 1608003 - 402579. What is the tens digit of y?
8
What is the tens digit of (72/(-15))/(24/(-280160))?
3
Suppose 2*s - 15028 = 4*m + 3456, 27671 = 3*s + 5*m. What is the units digit of s?
2
Suppose 100 = j + 3*j. Suppose j = -4*t - w, 2*t + 15 = -0*t - 3*w. What is the tens digit of (1 - -48)/((-3)/t)?
9
Let c = -7485 + 12771. What is the thousands digit of c?
5
Let m = -147944 - -222403. What is the ten thousands digit of m?
7
Let b be 96/28 - (-6)/(-14). Let n(x) = 680*x**2 - 13*x + 13. Let o be n(1). Suppose -b*r + o - 272 = 0. What is the hundreds digit of r?
1
Let b(c) = 104*c + 148. Suppose 50 = 5*d + a, 5*d - d = 4*a + 40. What is the thousands digit of b(d)?
1
Suppose 182*m - 3218565 = 77*m. What is the thousands digit of m?
0
Let w(n) = -n + 30. Let x be w(3). Let d(s) = s**3 - 26*s**2 - 24*s + 15. What is the units digit of d(x)?
6
Suppose 4*z - 4 = 4, 4*z - 20 = -3*u. Let f(a) = 15*a**2 - 2*a - 2. Let v be f(-2). Let x = v - u. What is the tens digit of x?
5
Suppose -5*o + 5*t = -20958 - 47967, -13800 = -o - 4*t. What is the tens digit of o?
8
Suppose 50*q = 45*q + 64065. What is the units digit of q/12 + 18/(-24)?
7
Suppose -3*g - 2 + 14 = 0. Let i be 2 - (g + -7)/(1 + 0). Suppose -i*v + 416 = -v. What is the hundreds digit of v?
1
Let i = 986 - 686. Let m = -180 + i. What is the units digit of m?
0
What is the tens digit of (-9)/(-21) - (-16980)/63*(-6258)/(-28)?
3
Let v(y) = 10*y - 15. Let o = 20 + -11. Let c be v(o). Suppose -75 = -3*n + 2*u - 0*u, 3*n + u - c = 0. What is the tens digit of n?
2
Suppose 38*w - 244880 + 58642 = 0. What is the thousands digit of w?
4
Let n be ((-9)/(-18))/(2/(-4)). Let k(s) = 339*s**2 - 11*s - 11. What is the hundreds digit of k(n)?
3
Let p be 3108/(-296)*(-4)/6. Let m = 4 - 1. Suppose m*s - 35 = 3*o - p*o, 3*o = -3*s + 33. What is the units digit of s?
9
Suppose 2*y - 6*y + 6236 = -4*s, -5*s = -2*y + 3106. Let q = -309 + y. What is the hundreds digit of q?
2
Suppose v = -4*q - 5, 0 = -3*v + 6*q - 11*q + 6. Suppose v*j - 5401 = -4*j. What is the units digit of j?
1
Let r = -26678 - -39611. What is the hundreds digit of r?
9
Let f be (-4 - -8 - 98/(-5))*-5. Let u = 22 - f. What is the units digit of u?
0
Let n(t) = -4*t**3 - t**2. Let h be n(-1). Suppose 3*y - 37 = -2*w, 4*w - 5*y - 16 = h. What is the tens digit of w?
1
Let w be -17 - (-4 + 3)*2. What is the hundreds digit of (1 - (-72)/w)*-35?
1
Let l be 5 + 0 + (-24 + 3)/7. What is the units digit of 896 + (5 - (3 + l)) + 1?
7
Suppose 15*u - 8 = 11*u. Suppose 1568 = 2*m + u*m. Suppose -25*v = -29*v + m. What is the tens digit of v?
9
Let y = 49 - 47. Suppose -y*f - 77 = -f. Let r = f - -140. What is the units digit of r?
3
Suppose 3331*x = 3293*x + 1939672. What is the ten thousands digit of x?
5
Suppose 4*t - 46 = 4*u - u, 0 = -2*t - 4. What is the hundreds digit of u/8*(-3392)/24?
3
Suppose 18*b = 20*b - 6, l + 3*b - 420 = 0. What is the hundreds digit of l?
4
Let u = -1255 - -2061. Suppose -4601 = -11*r - u. What is the hundreds digit of r?
3
Suppose 9411 = 60*n - 142209. What is the thousands digit of n?
2
Let v be (-51068)/(-16) - 5/(-20). Suppose 49*w = 43*w + v. What is the tens digit of w?
3
Suppose 0 = 5*q - 7*q + 4*t + 78, -4 = -q - 5*t. Suppose -41*o = -q*o - 2628. What is the tens digit of o?
1
Let z = 18948 - 3295. Suppose z = -52*j + 63*j. What is the thousands digit of j?
1
Let k(p) = -p**2 - 18*p - 13. Let a be k(-17). What is the units digit of a*(-3)/(-18) + 916/3?
6
Suppose -1091*x - 2*y = -1095*x + 124344, -4*x - 2*y + 124344 = 0. What is the tens digit of x?
8
Suppose -7*y + 256 + 1844 = 0. Let b = -198 + y. What is the units digit of b?
2
Let h(t) = 7*t + 40. Let y(f) = -3*f - 20. Let b(a) = -4*h(a) - 10*y(a). Let g be b(-20). Suppose 0 = -g*v - 2*v + 228. What is the units digit of v?
4
Let f be -2 + 3 + -9 + 17 + 7. Suppose 0 = -3*l - 2*l + 4*v + 1556, -4*v = f. What is the hundreds digit of l?
3
What is the units digit of (6038/(-4))/((-82)/(-164))*-1?
9
Let l(z) = -316*z - 665. What is the hundreds digit of l(-21)?
9
What is the tens digit of ((35466/8)/(24/(-64)))/(-8 + 7)?
2
Suppose 2*z + 19 = 23. Suppose 726 = 2*d - z*y, -6*d - y = -d - 1815. What is the units digit of d?
3
Let l = -613 + 928. Suppose -2*r - l = -4*h + 3*h, 16 = -4*r. What is the tens digit of h?
0
Suppose -172 = -5*m + 2*y, 5*m + 5*y - 29 = 4*m. What is the thousands digit of (-422 - -18)*m/(-8)?
1
Suppose -3*d = -16*d + 260. What is the tens digit of (255/d)/(18/408)?
8
Suppose -8*p - f - 2159 = -12153, 0 = 2*f - 4. What is the units digit of p?
9
Let o(v) = 2*v**2 - 3*v - 4. Let i = 28 + -25. Suppose -4*j - 16 = -t, 4*j + t = -5 - i. What is the units digit of o(j)?
3
Let o(l) = 99*l - 121. Let x be o(8). Let q = 1326 - x. What is the tens digit of q?
5
Suppose 0 = 5*w - 4*w. Suppose 2*l + 2*v - 3 = -l, -3*l + v + 12 = w. Suppose -f + 16 = -5*d, -d + l*d = 2*f - 32. What is the units digit of f?
6
Suppose -3*l - 3*v + 1545 = 0, -59*v - 2579 = -5*l - 63*v. What is the tens digit of l?
1
Let y = -69 + 65. Let n(o) = -5*o**3 + 5*o**2 + 6*o + 5. Let a be n(y). Suppose -40*j + 43*j = a. What is the units digit of j?
7
Let k(x) = -44*x**2 - x. Let t be k(1). Let l(g) = -9*g**3 - g**2 + g - 2. Let u be l(2). Let p = t - u. What is the units digit of p?
1
Suppose 135 = -20*o - 7*o. What is the units digit of -4*(-14 - 6 - o)?
0
Let h(d) = -994*d - 589. What is the thousands digit of h(-10)?
9
Suppose 4*v = -3*s + 43496, -3*s - 43520 = -61*v + 57*v. What is the tens digit of v?
7
What is the units digit of 964032007/22446 - 1/(-18)?
9
What is the units digit of (-2)/(186180/(-16925) + 11)?
0
Suppose -54 = -3*j + 5*j. Suppose 2*n - 36 = -22 - 18. What is the units digit of n/(-6) - 18/j?
1
Let p(f) = f**3 - 20*f**2 - 3*f + 1. Let t be p(20). Let r = t + 49. What is the tens digit of 12*((-52)/(-20))/((-8)/r)?
3
Suppose 10*d = 11*d + 7. Let c be (0 + 5 + d)*-278. Suppose 2*b + 2*b + 4*i = 580, -4*b = -4*i - c. What is the units digit of b?
2
Suppose -10753*t + 10750*t + 30 = 0. Let h = -11 + 26. What is the tens digit of -46*t/h*21/(-4)?
6
Let f(v) = -v**3 + 10*v**2 + 10*v + 20. Let l be f(7). Let j = l + -124. What is the hundreds digit of j?
1
Let v be 4/(-7) + (-75)/(-21). Suppose v*k + 0*t - 308 = -t, -4*k + t = -420. Suppose 559 - k = 7*h. What is the tens digit of h?
6
Let a be -7 - (9 - (9 - -10)). Suppose -a*o - 196 + 3769 = 0. What is the tens digit of o?
9
Let s(h) = -20*h**3 + 4*h**2 + 2*h - 317. Let f(i) = 9*i**3 - 2*i**2 - i + 158. Let r(w) = 9*f(w) + 4*s(w). What is the hundreds digit of r(0)?
1
Suppose 142215 = 5*k - 5*p, 5*p + 22270 + 6169 = k. What is the thousands digit of k?
8
Let w = 3493 - 5653. What is the hundreds digit of (w/64)/((-3)/12)?
1
Let g(s) = s**3 - 26*s**2 + 4. Let t be g(26). Suppose -t*d + 987 = -d. What is the hundreds digit of d?
3
Suppose -45*l = 85873 - 303178. What is the thousands digit of l?
4
Let a(t) = -2*t**3 - t**2 + 307. Suppose 19*d = 28*d. What is the units digit of a(d)?
7
Let z(n) = 58*n + 44. Let r be z(-13). Let q = r + 374. Let t = -194 - q. What is the units digit o